2) - 3)*j. Suppose u = -3*z + 8*z - 225. What are the prime factors of z?
3, 5
Let l(c) be the first derivative of c**4/4 + c**3/3 - c**2/2 + 21*c - 19. List the prime factors of l(0).
3, 7
Let c = -98 + 102. What are the prime factors of c/(-8) + -19*(-23)/2?
2, 109
Let t = -251 - -752. List the prime factors of t.
3, 167
Let z(g) = 4 + g + 9 - 6*g**2 - 5 - g**3. Let s be z(-6). Suppose m - 1 = s. What are the prime factors of m?
3
Suppose 4*v + 8 = 6*v, 4*b - 2*v = 12. Suppose b*d - 1007 = -4*q, d + 0 = 3. Suppose 2*u = -2*u + q. What are the prime factors of u?
2, 31
Let q = -49 + 372. Suppose 4*f - q = -2*i + 47, -f - 4*i = -82. What are the prime factors of f?
2, 47
Let d(r) = -r**2 + 14*r - 9. Let i be d(13). Suppose i*o - 12 = -0*o. Suppose -78 = -6*g + o*g. What are the prime factors of g?
2, 13
Suppose 10*f - 1347 = 6*f - d, 4*f = -5*d + 1327. List the prime factors of f.
2, 13
Suppose 5*n - 2259 = 616. List the prime factors of n.
5, 23
Let b(r) = -82*r**3 - 2*r**2 + 2*r + 6. What are the prime factors of b(-2)?
2, 5, 13
Let y(d) = 59*d**2 - 11*d - 9. Let r(l) = -30*l**2 + 5*l + 4. Let i(g) = -5*r(g) - 2*y(g). Let v be i(-1). List the prime factors of 3*v*(-4)/(-18).
2, 11
Let g be (-2)/(-7) - (-95)/35. Suppose 2 - g = -x. Suppose 3*z - 43 = 5*v - 18, v - x = 0. List the prime factors of z.
2, 5
Let o(s) = s**2 - s + 7. What are the prime factors of o(2)?
3
Suppose -220*a = -211*a - 6642. What are the prime factors of a?
2, 3, 41
Let f be -4*(-76 - (-1 - -3)). Suppose 0 = -3*m + 2*l + f, -3 - 12 = 5*l. List the prime factors of m.
2, 3, 17
Let m(j) = -j**2 + 5*j + 2. Suppose -2*x = -14 + 4. Let w be m(x). Suppose -3*k - k - w = 3*n, 5*n - 35 = k. What are the prime factors of n?
2, 3
Suppose 16*b = 11*b - 3*i + 15075, i = 4*b - 12060. What are the prime factors of b?
3, 5, 67
Let f(a) = 113*a - 63. List the prime factors of f(6).
3, 5, 41
Suppose -2*c = 4*m + 994, 4*m - 5*m + 4*c - 226 = 0. Suppose 3*u = 4*k - 3, -4*k + 3*k = -3. What are the prime factors of m/(-8) + u/12?
31
Suppose 0 = 5*o + 4*m + 207, 2*o + 4*m + 51 = o. Let x be o*6*(-2)/4. Let l = -64 + x. List the prime factors of l.
53
Suppose 13711 + 3215 = 7*a. List the prime factors of a.
2, 3, 13, 31
Let c(q) = 17*q**2 - 5*q - 7. Let v(j) = -j**3 - 4*j**2 - 6*j - 7. Let d be v(-2). What are the prime factors of c(d)?
7, 23
Let j be ((-4)/6)/(8/(-36)). List the prime factors of (-1 + -1 + 4)*(j - -150).
2, 3, 17
Suppose 6*t - 3075 + 39 = 0. What are the prime factors of t?
2, 11, 23
List the prime factors of 390880/400 + 4/5 + 0.
2, 3, 163
Let x = -33 - -128. List the prime factors of x.
5, 19
List the prime factors of 1 + -1 - -850 - 5.
5, 13
Let y be -1*(2 - 1) + 90. Suppose 3*f + y = 5*t, 0 = f + f + 5*t + 76. What are the prime factors of (-8)/(-44) + (-357)/f?
11
Suppose -8*w = -5*w - 9. Let p be (w/(-6))/(2/(-620)). Suppose 0 = -2*f + 7*f - p. List the prime factors of f.
31
Suppose 5*k - 4*y = 2*k + 13, -9 = 5*k + y. Let z be 5/(k + 0)*-14. Suppose z = 4*n + n. List the prime factors of n.
2, 7
Let k(x) = -x**3 + 16*x**2 + 22*x - 33. List the prime factors of k(15).
2, 3, 29
Let q(u) = 31*u + 32. Suppose 51 = 4*d + 19. What are the prime factors of q(d)?
2, 5, 7
Let r = -519 + 978. Suppose 5*t + 114 = r. Suppose -t = -2*q - q. List the prime factors of q.
23
Let x be (24/10)/(4/30). Let a be ((-42)/(-5))/((-9)/(-30)). Let q = a - x. List the prime factors of q.
2, 5
Let l(j) = 1755*j - 106. What are the prime factors of l(2)?
2, 23, 37
List the prime factors of (1318 - 13) + (-2 - -3)*3.
2, 3, 109
Suppose 68 = b + m, -25 = -5*b + 4*m + 270. Suppose -l + b + 9 = 0. List the prime factors of l.
2, 3
Let w = 3 + 0. Let m = 6 - 4. Suppose -4*v + 40 = -m*v + 3*s, v - w*s = 2. What are the prime factors of v?
2, 7
Let f be (8/10)/(2/65). List the prime factors of (-18)/(-4)*(f + -8).
3
Let g = -4875 - -6994. List the prime factors of g.
13, 163
Let z(g) = 9*g - 4. Let i be z(1). Suppose 4*h - 240 = -4*q, h + 292 = i*q + 2*h. What are the prime factors of q?
2, 29
Let b(y) = -297*y + 119. What are the prime factors of b(-6)?
1901
What are the prime factors of (-2)/3*(-36)/8*129?
3, 43
Let d(s) = -s**2 + 3*s + 22. Let h be d(-4). Let t(f) = f**3 + 11*f**2 + 17*f - 5. What are the prime factors of t(h)?
73
Let n be (-4)/10 + 1220/50. Let v = n + 40. Let t = v - -19. List the prime factors of t.
83
Suppose 5*i + 8*i = 8879. What are the prime factors of i?
683
Suppose -3*l = 4*u - 5103, 4*l = -3*u + 3809 + 13. List the prime factors of u.
2, 3, 71
Let d = -58 - 98. Let w be d/(-48) - 6/(-8). Suppose 40 = -w*t + 6*t. What are the prime factors of t?
2, 5
Suppose -4*x - 2*c = -2*x - 14, 10 = 2*c. Let p = 8 + -8. Suppose x*i + 2*t - 14 = 0, p = -0*i + 2*i + 4*t - 8. List the prime factors of i.
2, 5
Let i = -19 - -19. Suppose i*c = -c + 3*f - 9, 3*c - 8 = 2*f. Suppose -2*d = -c*d + 2*k + 66, 2*k = d - 24. List the prime factors of d.
2, 7
Let i be (-2)/(-6) + (-30)/(-18). Suppose -i*z = -12 - 8. What are the prime factors of z?
2, 5
Suppose -194 = 5*m - 3784. What are the prime factors of m?
2, 359
Suppose 61*p - 76*p = -77835. List the prime factors of p.
5189
Let c(n) = 50*n - 115. What are the prime factors of c(6)?
5, 37
Suppose 4*b + 5*g - 110 = 0, -b + 77 = 2*b + g. Suppose -b = -3*k + 4*f + 302, 2*f = 5*k - 531. List the prime factors of k.
3, 5, 7
Suppose 1 - 3 = -m. Suppose 4*k + m*n = -12, -4*k - 3*n = n + 20. List the prime factors of 9/(-3) + 24 - k.
2, 11
Let b = 29 + -18. Suppose 0 = 4*o - 7 - 1, -b = -3*c - 4*o. What are the prime factors of 2*(0 + c + 1)?
2
Let w(p) = 88*p**2 + 31*p + 141. List the prime factors of w(-5).
2, 1093
Let l(n) = n**3 + 5*n**2 + 3. Let o be l(-7). Let i = -34 - o. List the prime factors of i.
61
Suppose -5*p + 897 + 367 = -3*t, -5*t - 2100 = -5*p. Let y = t + 593. List the prime factors of y.
5, 7
Suppose -14*j + 18*j - 18936 = 0. What are the prime factors of j?
2, 3, 263
Suppose 0 = v + 3 - 2, v - 59 = -h. Let y = h - 29. List the prime factors of y.
31
Let q = -3853 - -8770. What are the prime factors of q?
3, 11, 149
Let h be 4/(-5)*300/(-24). Let u = -7 + h. What are the prime factors of (14 - -1) + 3/u?
2
Suppose 8 + 3 = 3*l + 5*v, l - v - 9 = 0. Let k be -100*(l/(-2) - -2). Suppose 2*d = -3*d + 2*t + k, -5*t = 3*d - 90. List the prime factors of d.
2, 3, 5
Let y(f) = 5*f**3 + 53*f**2 - 39*f + 48. Let c(b) = -2*b**3 - 18*b**2 + 13*b - 16. Let p(t) = 8*c(t) + 3*y(t). What are the prime factors of p(13)?
5, 37
Suppose 0 = 2*n + 4*r - 80, -3*n - 12 = -r - 132. Suppose -y + n = 4*p + 2*y, -3*p = -3*y - 51. List the prime factors of p.
13
Suppose 68 = -3*m + 8. Let g = -14 - m. What are the prime factors of g?
2, 3
Let p(t) = t + 9. Let o be p(-12). Let a be 4 + o + (5 - 1). Suppose 3*c - 71 = -y, 6 = a*y - 19. What are the prime factors of c?
2, 11
Let k = -8 + 6. Let m be (-1 - (-3 - k))/(-1). Suppose 5*q = 5*u - 0*u - 200, -4*q - 8 = m. What are the prime factors of u?
2, 19
Suppose 6*n - 36 = 3*n. Let b(r) = -r**2 + 16*r - 22. List the prime factors of b(n).
2, 13
Let p(i) be the second derivative of -i**3/6 + 33*i**2/2 + 5*i. Let l(x) = -x + 22. Let z(g) = 7*l(g) - 5*p(g). List the prime factors of z(-8).
5
Suppose m - 777 + 268 = -k, 0 = 4*m + 2*k - 2038. Let l = m - 360. What are the prime factors of l?
2, 3, 5
Suppose 4*t + 5*a - 1839 = 974, 2109 = 3*t + 3*a. What are the prime factors of t?
2, 3, 13
Let h be 3 + (-2 - -2 - -2). Let s(x) = -2*x - 9. Let n be s(h). Let d = n - -50. List the prime factors of d.
31
Suppose 0*s = -40*s + 10240. List the prime factors of s.
2
Let x be (2 + -4)/((-3)/(-12)). Let z = 63 - x. What are the prime factors of z?
71
Suppose -34*z + 11799 = -25*z. What are the prime factors of z?
3, 19, 23
Let w = -51 - -55. Suppose u - w*r + 2*r = 43, 2*u + 2*r = 92. What are the prime factors of u?
3, 5
Let h(o) = 2*o**2 - 57*o + 19. What are the prime factors of h(40)?
3, 313
Let p(m) be the second derivative of m**5/20 + m**4/12 + m**3/6 + 17*m**2 - 5*m. List the prime factors of p(0).
2, 17
List the prime factors of (3/(-5))/(3 + 6872/(-2290)).
3, 229
Let o(j) = -1325*j - 14. List the prime factors of o(-2).
2, 659
Let k = -1500 + 4022. List the prime factors of k.
2, 13, 97
Suppose 2*v + 11*v - 4